e z = b*q + 11, 0 = 3*q + z - 8 + 25. Let c(k) = k**3 + 3*k**2 - 3*k - 4. What is c(q)?
-8
Let o(z) be the first derivative of -z**3/3 - 9*z**2 - 29*z + 2531. What is o(-17)?
-12
Let t(l) be the first derivative of -115 + 16*l + 2*l**3 - 1/4*l**4 + 2*l**2. Determine t(7).
-5
Let u(x) = -x**2 + 10*x - 9. Let g = 34 + -26. Let k be u(g). Let r(v) = -6*v - 4*v - k*v + 18*v. Give r(-1).
-1
Let g(o) be the first derivative of -o**4/4 + 3*o**2/2 + o - 3965. Give g(4).
-51
Let g(s) = -s**3 + 3*s**2 + 23 + 0*s**2 - 6246*s - 43 + 6266*s + 25. Give g(7).
-51
Suppose 269 = 147*j - 133 - 186. Let x(h) be the second derivative of 1/3*h**3 + 38*h - 1/2*h**2 - 1/12*h**j + 0. Calculate x(3).
-4
Let n be (-4)/14 + (-32)/(-14). Let m(k) = -2*k - k**2 + 2 - n - 5*k. Let b(v) = v**2 + 125*v + 359. Let o be b(-122). Determine m(o).
0
Let w = 12 + -21. Let z(t) = -t**2 + 97*t - 49. Let m(h) = -6*h + 2. Let c(i) = 18*m(i) + z(i). Calculate c(w).
5
Let z = -65 - -75. Suppose l + 14 = z. Let f(b) = -2*b**3 + 5*b**2 + 2*b - 3. Let x(k) = -6*k**3 + 14*k**2 + 6*k - 8. Let u(o) = l*x(o) + 11*f(o). Give u(2).
7
Suppose -o + 178 = 21*o - 42. Let s(t) = 13*t - 118. Determine s(o).
12
Suppose -g - 5*r = -0*r - 3, 0 = -5*r. Let u(s) = s - 11 + g + 3 + 0. Calculate u(-4).
-9
Let a(u) = -2*u - 36. Let c(k) = -237*k - 1889. Let t be c(-8). Determine a(t).
-50
Let w = -24 + 22. Suppose -4*d + 9*s + 25 = 4*s, 25 = -2*d - 5*s. Let g(c) = -3*c - 129 + 128 + d*c. Determine g(w).
5
Let h(c) = -2*c - 10. Suppose -t = 1, 5*a - 25 - 12 = 2*t. Suppose l = a*l - 30. Suppose -z - 24 = 4*b, -l*b + 0*z = -z + 39. Calculate h(b).
4
Suppose -3*r - 642 = 5*t - 7*r, 2*t = -5*r - 270. Let j = -128 - t. Let y(q) = 2*q**2 - q + 2. Calculate y(j).
8
Let y(i) = -i**2 - 12*i - 4. Let r be (-75)/6 - -2 - (-6)/(-4). Give y(r).
-4
Let y(p) = -7*p + 8 + 121*p**2 - 39*p**3 - 114*p**2 + 38*p**3. Let h be 60/(-25)*(-5)/2. Give y(h).
2
Let h = 37 + 73. Let r = 101 - h. Let f(i) = 9*i**3 - 8*i + 8*i**2 - 3*i**3 - 5*i**3. Determine f(r).
-9
Let h(z) be the second derivative of -z**4/12 + z**3/6 + 4*z**2 - 215*z + 1. Determine h(-6).
-34
Let y(u) be the first derivative of -u**3/3 + 9*u**2 - 2513. Calculate y(18).
0
Let c(m) = -4*m - 30. Let n = -5338 - -5331. Give c(n).
-2
Let k(n) = -1292*n - 1268*n + 1 + 2566*n. Give k(5).
31
Suppose -52 + 326 = 42*r - 398. Let g(o) = -2*o + 54. Give g(r).
22
Let y(n) = -2*n**2 - 11*n - 3. Let f be y(-5). Let i(r) = -5*r**2 + 6*r**2 - 2*r**2 - f*r - 6*r + 6. Let w be i(-8). Let o(v) = -v**2 + 7*v - 2. Give o(w).
4
Let c(i) = 428*i**3 - 18 + 426*i**3 + 8*i**2 - 3*i - 853*i**3 + 0*i**2. Determine c(-8).
6
Let z = 236 - 214. Suppose z*a = -35 - 9. Let y(k) = -2*k - 6. Let w(o) = -o + 1. Let x(p) = 3*w(p) + y(p). Determine x(a).
7
Let z(c) = -2*c**2 + 4*c - 1. Let m = 39 + -27. Suppose -76 = 12*y - 112. Suppose -y*n = n - m. What is z(n)?
-7
Let g(c) = 48*c - 99. Let k(t) = -5*t + 10. Let l(s) = 4*g(s) + 39*k(s). What is l(-1)?
-3
Let x = 6 - -24. Let t = 20 + x. Let q(i) = 0 + 8*i**2 + 49*i**3 - 2 + i - t*i**3. What is q(8)?
6
Let x be ((-8)/8)/((-2)/(-4)). Let q(l) = -2*l**2 - 3*l - 3. Let w be q(x). Let h be 4 - 1*w/(-5). Let c(r) = -r**3 + 5*r**2 - 3*r - 2. Calculate c(h).
7
Let g = 24973 - 24945. Let v(u) = u**3 - 29*u**2 + 31*u - 29. Determine v(g).
55
Let k be 128/3*51/17. Suppose k = -14*s - 2*s. Let a(t) = 2 - 2 - t - 2. Give a(s).
6
Suppose 4 = 4*n - 4*x, 4*x = -2*n + x + 12. Let v(q) = -4*q**3 - 6*q**2 - q. Let f(g) = 3*g**3 + 5*g**2 + 2*g + 1. Let j(d) = n*f(d) + 2*v(d). Calculate j(-2).
-1
Let u = -30238 + 30251. Let l(n) = -6*n + 65. Calculate l(u).
-13
Let a be (-1)/4 + (-1)/(12/33). Let g be (4/(-12))/(1/(-3)) - a. Let p(m) = 3*m + 4. What is p(g)?
16
Let y(x) = 8*x - 6826 - 6838 - 6805 + 20431. Determine y(14).
74
Let s be -12*(-1 - 0)/2. Let y = -125 + 129. Let n(f) = 3 - y + 3 + 6*f + f**3 + f - 7*f**2. Calculate n(s).
8
Let g be (-13)/26 + (-2)/(-4). Suppose 4*n + 5*a - 14 = -g*a, n - 8 = a. Let o(i) = 2*i + 5. Let z(x) = -6*x - 15. Let h(c) = -17*o(c) - 6*z(c). Determine h(n).
17
Let o(u) = 362*u + 42 + 367*u + 370*u - 1079*u. Determine o(-2).
2
Suppose 4*p - 15 = -x - 0*p, 3*x + 2*p - 15 = 0. Suppose 5*m + 13 = 6*m + 5*j, 5*m - 9 = 3*j. Let b(s) = -m*s - 2*s - x + 4*s. Determine b(-5).
2
Let m = 2446 - 2434. Let z(x) = x**2 - 16*x + 34. Determine z(m).
-14
Let o(a) be the second derivative of a**5/20 + 5*a**4/12 + 2*a**3/3 + 4*a**2 + 1936*a. Determine o(-5).
-12
Let v be -6 - (17 + -9 + -9). Let g(p) = 4*p**2 + 5*p + 7. Let x(z) = -z**2 - z. Let f(w) = -g(w) - 5*x(w). Give f(v).
18
Let c(v) = -6*v**3 - v**2 - 7*v - 4. Let u be c(-4). Let b be (-4)/(-18) + 1/(18/u). Let l = b + -17. Let j(p) = -p**2 + 4*p + 1. Give j(l).
-4
Let m(n) = 47*n**3 - 13*n**2 - 37*n + 6. Let o(l) = 298*l**3 - 78*l**2 - 222*l + 35. Let t(j) = 19*m(j) - 3*o(j). Determine t(-5).
-6
Let x(a) = a**2 + a + 3. Let h(r) = 4*r**2 + 7*r + 3. Let m(v) = h(v) - x(v). What is m(-4)?
24
Let b be 3/(-5) - (-198)/5. Suppose 6*m + b = 9. Let v be m/(-2)*(-1 + 6 + -3). Let t(u) = u**3 - 6*u**2 + 2*u + 7. Calculate t(v).
-8
Let v = 38599 - 38594. Let g(o) = -o**2 - o + 41. Give g(v).
11
Let i(b) = -b**2 - 7*b + 109. Let g be i(-14). Suppose 4*x = 3*x - 2. Let r(d) = -d - 8. Let y(m) = 3*m + 17. Let a(c) = x*y(c) - 5*r(c). Calculate a(g).
-5
Let v(g) = -g**3 - 2*g**2 + 9*g + 5. Let f(i) = -169*i - 3208. Let k be f(-19). Give v(k).
-13
Let w(d) = -13*d - 203. Let b be w(-16). Suppose 0*a - 17 = b*o - 2*a, -5*o - 14 = a. Let x(p) = -2*p + 3. Determine x(o).
9
Let n be 39/(-26)*(-4)/6. Let y(q) = 3*q + 0*q - 20*q**2 - 3*q. Determine y(n).
-20
Let m(j) = -2*j**2 - 16*j - 9. Suppose -5*p + 90 = 25*p. Let o be p + -4 + (-24)/4. What is m(o)?
5
Let c(s) = -2*s**2 + 12*s - 7. Let x be c(5). Let j(p) = 2*p**2 + 16*p - 8. Let m(g) = 3*g**2 + 17*g - 5. Let o(h) = x*m(h) - 4*j(h). Give o(12).
5
Let l(m) = -m**3 + 14*m**2 - 40*m + 1. Suppose 0 = 22*r - 2959 + 2739. Give l(r).
1
Let r(u) = -26*u**3 - 15*u**2 + 15*u - 4. Let v(p) = -22*p**3 - 10*p**2 + 14*p - 5. Let t(s) = 5*r(s) - 6*v(s). What is t(8)?
2
Let s(x) = -x**3 + 8*x**2 - 8*x. Let z be (-3 - 618/(-210)) + (-1060)/(-175). Determine s(z).
24
Let n(u) = -23*u**2 - 17*u + 7. Let l(f) = -42*f**2 - 22*f + 13. Let t(s) = -3*l(s) + 5*n(s). What is t(5)?
176
Let o(b) be the third derivative of -b**5/30 - b**4/6 - b**2 - 309. Give o(-6).
-48
Let m(f) = 64*f + 3. Let u(t) = -119*t - 7. Let s(o) = 13*m(o) + 7*u(o). Let g be -1 + 0 + (0 - 8). Calculate s(g).
-1
Let y(x) = 9*x**3 - 13*x**2 + 10*x - 4. Let g be y(5). Let i = g - 857. Let b(p) = -p - 16. Give b(i).
-5
Let r(l) = l**2 + 8*l - 13. Let c be (-8 - (-64)/8) + (2 - -1). Let q be (c/(-2))/(2/12). Give r(q).
-4
Let t be 10/((-30)/9) + 6. Let l be ((-5)/(30/4))/((-2)/t). Let r(i) be the second derivative of -i**4/3 + 2*i. Give r(l).
-4
Let a(m) = m**3 + 4*m**2 + 4*m + 3. Let i be a(-2). Let g(b) = 25 - 3*b - 75 + b + 49 - b**2. Determine g(i).
-16
Let t(y) be the second derivative of -y**5/20 - 5*y**4/6 + 7*y**3/2 + y**2/2 - 12344*y. Determine t(-12).
37
Let q(v) be the first derivative of -v**4/24 + 17*v**2/2 - 67. Let h(a) be the second derivative of q(a). Determine h(8).
-8
Let p = 1224 - 1216. Let d(u) = 2 - p*u**2 - 13841*u**3 + 5*u + 13840*u**3 + 4*u**2. Let w be (-2*(-10)/4)/(-1). Calculate d(w).
2
Let l = 582 + 229. Let d(z) = -813 - 3*z + l + 5*z. Suppose -3*g + 0*g = -4*q + 13, -5*q + 16 = -4*g. Calculate d(q).
6
Suppose -4*a - 569 = -3*j - 590, 0 = 2*j - 2*a + 12. Let i(u) = 8*u - 2. Give i(j).
-26
Let b(g) = 12*g - 51. Let d(f) = -5*f + 11. Let c(t) = -16*t + 32. Let s(j) = -2*c(j) + 7*d(j). Let v(n) = 4*b(n) + 15*s(n). Give v(7).
12
Suppose 0 = -2*f, -11*f = -3*s - 6*f + 36. Suppose 0 = s*c + 101 + 31. Let i(k) = -k**2 - 10*k + 10. Determine i(c).
-1
Let p be ((-7)/(-4))/(1/4). Let a(l) = -7*l. Let c(q) = q - 1. Let o(x) = a(x) - 2*c(x). Let u(t) = -22*t + 6. Let n(y) = 12*o(y) - 5*u(y). Determine n(p).
8
Let i(v) = -3*v**2 - 8*v + 19. Let b(z) = -4*z**2 - z + 12. Let r(s) = b(s) - i(s). Let l = 9 - 3. What is r(l)?
-1
Let c(i) be the second derivative of -i**5/20 - i**4/3 + i**3 - i**2/2 - 2*i - 634. Calculate c(-5).
-6
Suppose 13 = 5*z - 12. Suppose -2*v = w, 23*w - 21*w + z*v = 0. Let k(b) be th